red thousands digit of 105323?
1
What is the thousands digit of 57609?
7
What is the hundred thousands digit of 248173?
2
What is the hundred thousands digit of 357769?
3
What is the units digit of 23816?
6
What is the ten thousands digit of 1287806?
8
What is the hundreds digit of 97761?
7
What is the thousands digit of 773523?
3
What is the ten thousands digit of 500072?
0
What is the thousands digit of 940756?
0
What is the ten millions digit of 13248403?
1
What is the ten thousands digit of 1246747?
4
What is the units digit of 16490295?
5
What is the units digit of 1600466?
6
What is the hundred thousands digit of 1004224?
0
What is the hundred thousands digit of 102650?
1
What is the ten millions digit of 12511532?
1
What is the tens digit of 12115827?
2
What is the hundred thousands digit of 28120673?
1
What is the thousands digit of 2518124?
8
What is the thousands digit of 1137956?
7
What is the hundreds digit of 3701369?
3
What is the tens digit of 19326?
2
What is the hundred thousands digit of 185226?
1
What is the ten thousands digit of 151342?
5
What is the thousands digit of 180319?
0
What is the thousands digit of 732401?
2
What is the thousands digit of 191700?
1
What is the hundred thousands digit of 1409879?
4
What is the thousands digit of 393352?
3
What is the ten thousands digit of 328696?
2
What is the millions digit of 13874536?
3
What is the hundred thousands digit of 1244379?
2
What is the units digit of 1393983?
3
What is the hundreds digit of 41935?
9
What is the ten thousands digit of 2211617?
1
What is the millions digit of 6673619?
6
What is the hundreds digit of 29752135?
1
What is the thousands digit of 1947826?
7
What is the thousands digit of 2892606?
2
What is the tens digit of 1182928?
2
What is the thousands digit of 26531150?
1
What is the thousands digit of 48272?
8
What is the hundreds digit of 114766?
7
What is the hundreds digit of 180691?
6
What is the hundred thousands digit of 109172?
1
What is the ten thousands digit of 1397227?
9
What is the hundred thousands digit of 4878727?
8
What is the units digit of 317586?
6
What is the millions digit of 1906912?
1
What is the thousands digit of 1726228?
6
What is the hundreds digit of 3665580?
5
What is the hundred thousands digit of 8605015?
6
What is the hundreds digit of 5467740?
7
What is the tens digit of 1305209?
0
What is the hundreds digit of 5785676?
6
What is the thousands digit of 2669845?
9
What is the thousands digit of 219544?
9
What is the hundred thousands digit of 397737?
3
What is the units digit of 958330?
0
What is the ten thousands digit of 188219?
8
What is the hundred thousands digit of 35827152?
8
What is the ten thousands digit of 150341?
5
What is the tens digit of 1495804?
0
What is the thousands digit of 907276?
7
What is the hundreds digit of 17031044?
0
What is the hundreds digit of 3001521?
5
What is the hundred thousands digit of 2058080?
0
What is the hundred thousands digit of 964350?
9
What is the units digit of 330904?
4
What is the tens digit of 248637?
3
What is the units digit of 6565130?
0
What is the hundred thousands digit of 41816983?
8
What is the tens digit of 34920?
2
What is the units digit of 22190705?
5
What is the thousands digit of 12181834?
1
What is the hundreds digit of 5481498?
4
What is the thousands digit of 43727?
3
What is the millions digit of 25584066?
5
What is the thousands digit of 1505242?
5
What is the units digit of 415422?
2
What is the thousands digit of 1213385?
3
What is the hundred thousands digit of 5322609?
3
What is the tens digit of 16741847?
4
What is the hundred thousands digit of 1553985?
5
What is the units digit of 24184885?
5
What is the units digit of 91074?
4
What is the units digit of 15860069?
9
What is the millions digit of 1313538?
1
What is the ten thousands digit of 1304391?
0
What is the thousands digit of 19830612?
0
What is the hundred thousands digit of 205756?
2
What is the thousands digit of 9618594?
8
What is the ten thousands digit of 5064486?
6
What is the tens digit of 11330981?
8
What is the units digit of 384903?
3
What is the tens digit of 11452807?
0
What is the ten thousands digit of 101199?
0
What is the units digit of 303097?
7
What is the thousands digit of 607203?
7
What is the units digit of 387408?
8
What is the tens digit of 446483?
8
What is the tens digit of 5849190?
9
What is the thousands digit of 457060?
7
What is the ten thousands digit of 378814?
7
What is the hundred thousands digit of 630151?
6
What is the tens digit of 2308002?
0
What is the hundred thousands digit of 1661565?
6
What is the ten thousands digit of 34569?
3
What is the hundred thousands digit of 40591424?
5
What is the hundred thousands digit of 25019022?
0
What is the tens digit of 1511452?
5
What is the millions digit of 1576578?
1
What is the hundreds digit of 121437?
4
What is the thousands digit of 38243666?
3
What is the units digit of 440657?
7
What is the tens digit of 293739?
3
What is the hundred thousands digit of 238360?
2
What is the millions digit of 1951264?
1
What is the tens digit of 503619?
1
What is the hundreds digit of 2224443?
4
What is the hundreds digit of 216673?
6
What is the thousands digit of 496146?
6
What is the units digit of 496384?
4
What is the hundred thousands digit of 1591395?
5
What is the ten millions digit of 10371427?
1
What is the units digit of 3628020?
0
What is the hundreds digit of 11580043?
0
What is the hundred thousands digit of 3907412?
9
What is the millions digit of 2120127?
2
What is the ten thousands digit of 6265845?
6
What is the units digit of 634122?
2
What is the units digit of 18298?
8
What is the millions digit of 18569569?
8
What is the hundred thousands digit of 152014?
1
What is the thousands digit of 5249545?
9
What is the units digit of 43892?
2
What is the ten thousands digit of 173630?
7
What is the hundreds digit of 1168253?
2
What is the ten thousands digit of 11310601?
1
What is the hundred thousands digit of 18435115?
4
What is the thousands digit of 562826?
2
What is the thousands digit of 1184465?
4
What is the units digit of 838008?
8
What is the thousands digit of 1300256?
0
What is the ten thousands digit of 196832?
9
What is the tens digit of 688384?
8
What is the thousands digit of 538952?
8
What is the hundred thousands digit of 945618?
9
What is the hundred thousands digit of 3201102?
2
What is the units digit of 1232630?
0
What is the units digit of 142965?
5
What is the tens digit of 108991?
9
What is the hundred thousands digit of 1210053?
2
What is the tens digit of 143984?
8
What is the thousands digit of 1011689?
1
What is the thousands digit of 27497735?
7
What is the tens digit of 34646185?
8
What is the units digit of 27104420?
0
What is the units digit of 306575?
5
What is the tens digit of 3279556?
5
What is the ten thousands digit of 2466446?
6
What is the tens digit of 930210?
1
What is the millions digit of 2172393?
2
What is the hundreds digit of 22843078?
0
What is the hundreds digit of 48420?
4
What is the ten thousands digit of 2148414?
4
What is the tens digit of 370179?
7
What is the ten thousands digit of 208525?
0
What is the units digit of 1844593?
3
What is the hundreds digit of 37208?
2
What is the hundred thousands digit of 3608267?
6
What is the thousands digit of 711192?
1
What is the hundreds digit of 1065919?
9
What is the hundreds digit of 3424318?
3
What is the thousands digit of 372693?
2
What is the thousands digit of 211102?
1
What is the thousands digit of 9154319?
4
What is the thousands digit of 75657?
5
What is the hundreds digit of 1374584?
5
What is the ten thousands digit of 1582554?
8
What is the thousands digit of 410038?
0
What is the ten thousands digit of 58514?
5
What is the thousands digit of 9374800?
4
What is the hundreds digit of 3471722?
7
What is the thousands digit of 2922228?
2
What is the hundreds digit of 7191?
1
What is the tens digit of 6295366?
6
What is the thousands digit of 116082?
6
What is the units digit of 6546621?
1
What is the hundreds digit of 569219?
2
What is the units digit of 173290?
0
What is the thousands digit of 21047464?
7
What is the millions digit of 19454539?
9
What is the tens digit of 1696087?
8
What is